the units digit of n?
6
Let x = 721 + -606. Let q = 93 + x. What is the units digit of q?
8
Suppose -3*k + 2*u - 10 = -3*u, 5*k - u + 2 = 0. What is the tens digit of (k + -43)*-12 + 1?
1
Suppose 2*k = -a - 0*k + 40, 2*a - 81 = -3*k. Suppose 3*h = h - a. What is the units digit of (-7)/h + 29/3?
0
Let c = -1495 + -1941. Let p = c - -5067. What is the tens digit of p?
3
Suppose -2*k + 1 = 5. Let v be (6/10)/(k/(-10)). Suppose -200 = h - v*h. What is the units digit of h?
0
Let m(d) = -d**3 - 15*d**2 - 18*d - 48. Let o be m(-14). Suppose o*s = 3*s + 585. What is the hundreds digit of s?
1
Let u(z) = z + 13. Let l be u(-8). Suppose 0 = 18*j + l*j - 12903. What is the tens digit of j?
6
Suppose -16131*y + 1027215 = -16096*y. What is the units digit of y?
9
Let l(q) = q**3 + 17*q**2 - 6*q + 33. Let s(g) = g**3 + g**2 - 11*g - 32. Let v be s(-3). What is the hundreds digit of l(v)?
1
Let g be (24/(-21))/((-42)/(-147)). Suppose -3*a = 11 + 1. What is the tens digit of (a/g + 0)*42?
4
Suppose 5*w - 244873 = -3*z, -1161*w = -z - 1160*w + 81619. What is the hundreds digit of z?
6
Let t(h) = -1263*h + 2241. What is the ten thousands digit of t(-20)?
2
Suppose -2*m - 3*m + 3*z = -54, -m = -5*z - 24. Suppose -3 = -2*p + m. Let u(y) = y**3 - 4*y**2 - 4*y + 10. What is the units digit of u(p)?
8
Let g(p) = 2*p + 11. Let l(u) = 5*u + 12. Let f be l(-4). Let d be g(f). What is the units digit of 2/5 + (-258)/d?
2
Let o be 721 + (-1)/((-3)/12). Suppose 5335 = 10*t - o. What is the units digit of t?
6
Let p(g) = -76*g**3 + 6*g**2 + 24*g + 35. What is the thousands digit of p(-5)?
9
Suppose 9460 = 9*d - 4*d. Let r = d + -1248. What is the hundreds digit of r?
6
Let f(m) be the first derivative of -111*m**2 - 5*m - 138. What is the tens digit of f(-6)?
2
Suppose 1639265 = 315*u - 366340. What is the tens digit of u?
6
Let i = -22 + 23. Let j be (1/i)/(4 - 90/24). Suppose -j*t - 162 + 606 = 0. What is the tens digit of t?
1
Let d = -91491 - -132893. What is the thousands digit of d?
1
Suppose -4*k + 3*g + 239468 = 0, 1 - 33 = 8*g. What is the ten thousands digit of k?
5
Let z(g) = 5*g - 3. Let d be z(1). Suppose -x + 10 = 2*t, 0 = d*x + 3*x - t + 5. Suppose j + 3*j - 216 = x. What is the units digit of j?
4
Suppose 5*o - 21392 = 3*l, -5*o + 21386 = -167*l + 163*l. What is the thousands digit of o?
4
Let d be -2*(6/(-9))/((-12)/(-18)). What is the units digit of (-1 + (d - 1 - 2))*-186?
2
Let z(d) = -d**2 + 12*d - 2. Let n be z(12). What is the units digit of (-278)/(-8) + n - 4/(-16)?
3
Let t be (-4*(-1)/(-3))/(3/(-162)). Let i = t + -16. Let v = -38 + i. What is the tens digit of v?
1
Suppose 5*m + 5*b - b = 365, b + 271 = 4*m. Let d = m + -39. Suppose 5*s + 3*v = -0*s + 74, 3*s - 3*v - d = 0. What is the tens digit of s?
1
Let b(v) = -v**2 + 15*v + 13. Suppose -10*w = -113 - 27. Let s be b(w). What is the tens digit of s/6*658/21?
4
Let r(l) be the first derivative of 3*l**2 - 10*l - 3. Let z(v) = -13*v - 61. Let n be z(-6). What is the units digit of r(n)?
2
What is the thousands digit of ((-52)/156)/(((-1)/(-9))/((-17247)/9))?
5
What is the tens digit of ((-5 - (-65541)/(-6)) + (-60)/24)*-1?
3
Let q = -5458 + 13528. Suppose -34*w + q = -19*w. What is the tens digit of w?
3
Let w = -451 - 308. Let s = 1565 + w. What is the units digit of s?
6
Let d(n) = n**2 - 8*n + 6. Let m be d(6). Let t(z) = 825*z**2 - 3077*z - 38 + 3072*z - 822*z**2. What is the units digit of t(m)?
0
Suppose -1200 = -6*n + 3*n. Let j = -442 + 171. Let i = j + n. What is the hundreds digit of i?
1
Suppose -302 = -4*z + 234. Suppose -3*b = -3*j - 414, -9*b = -8*b + 2*j - 135. Suppose -z*i - 171 = -b*i. What is the units digit of i?
7
Suppose -17120 = -2*s - 3*i, s = -5*i + 4982 + 3564. What is the hundreds digit of s?
5
Let a(w) = 7*w**2 + 74*w**3 + 4*w - 11*w**3 - 5*w**2 + 1. Let q be a(-1). Let r = q + 216. What is the units digit of r?
2
Let r = 457 + -452. Suppose -r*b = -2*m - 4879, -3*b + 0*m + 5*m + 2935 = 0. What is the hundreds digit of b?
9
Let g(q) = -4*q**2 + 30*q - 46. Let y(b) = b**3 - 12*b**2 + 89*b - 137. Let t(l) = -11*g(l) + 4*y(l). What is the hundreds digit of t(7)?
3
Let y = 184 - 344. What is the hundreds digit of (y/6)/((-25)/600)?
6
What is the hundreds digit of 12*54/(-189)*(-33733)/4?
9
Let h(q) be the second derivative of 2*q**3 + 1675*q**2/2 + 30*q - 1. What is the hundreds digit of h(0)?
6
Let x(c) = 179*c**2 + 11*c + 41. What is the hundreds digit of x(10)?
0
Suppose -23*z + 211465 = 21*z - 131251. What is the hundreds digit of z?
7
Suppose -95*p + 99*p - 2*w = 105658, -w = -5. What is the units digit of p?
7
Suppose -2*d - 47 + 57 = 0. Suppose -59 = -d*k + 696. What is the units digit of k?
1
Let o(w) = w**3 + 76*w**2 - 74*w + 705. What is the thousands digit of o(-67)?
6
Suppose 12395 = u - t, 0 = 224*u - 228*u - 3*t + 49552. What is the units digit of u?
1
Suppose -6*w - 8*w = 0. Suppose w = -18*f - 8*f + 390. What is the tens digit of f?
1
Suppose -4*n + 11439 = 5*u, -4*u + 3880 = 4*n - 7556. Let m = n - 1358. What is the tens digit of m?
9
Let d be 4096 + 3 + (-20)/5. What is the units digit of 2*-2*d/(-60)?
3
Let i(t) = -4*t**3 - t**2 - 4*t + 5. Let p be i(1). What is the tens digit of ((-38)/p)/(2/12)?
5
Let s(n) = 1. Let p(d) = d - 17. Let c(b) = -p(b) + s(b). What is the units digit of c(13)?
5
Let t(k) = -3*k - 26. Let w be t(-9). Let n be -5 + (9 + w - 5). Let u(c) = c + 45. What is the tens digit of u(n)?
4
Let b be 2 + (5 - 1) + -4. Let w be (-3282)/(-54) - b/(-9). Suppose m = -0*m + w. What is the tens digit of m?
6
Let o(b) = -42*b + 1 - 5 - 13. Suppose -17*l = 23 + 28. What is the tens digit of o(l)?
0
Suppose -1091*p = -1086*p - 32645. What is the tens digit of p?
2
Suppose -2*n + 24 = k, -4*k + 80 + 4 = 4*n. Suppose -3*d - 21 = -3*r, r = 4*r - 4*d - k. What is the tens digit of 482/r - 20/(-25)?
4
Let z = 265 + 360. Let u = z - 493. What is the units digit of u?
2
Suppose -6*h + 657 = -3*h. Suppose o + 0*o = -4*f + h, 0 = -2*o + 6. Suppose -z = -2, z - f = -t + 19. What is the tens digit of t?
7
Let p(w) = -953*w + 4201. What is the thousands digit of p(-18)?
1
Let f be (-2 + 4)/(18/8028). Suppose -3*k - k + f = 0. What is the units digit of k?
3
Let x be -7 + (0 - -272 - -8). Suppose -271*d + x*d - 614 = 0. What is the units digit of d?
7
Let p = 47 - 47. Suppose p = 11*m - 552 - 9. What is the units digit of m?
1
Let a = -347 - -184. Let k = a + 804. What is the hundreds digit of k?
6
Let t be 9564/(-1104) + (-3)/(-4) - (-6)/(-69). Let k(q) be the third derivative of q**5/12 + 13*q**4/24 + 3*q**3/2 + q**2. What is the hundreds digit of k(t)?
2
Let w be (15 - -2) + (-2)/2. Let f(o) be the first derivative of o**2/2 + 24*o - 197. What is the units digit of f(w)?
0
Let l(u) = 6254*u + 3997. What is the hundreds digit of l(2)?
5
Let m be 3 + -4 - -9 - 3. Let s(k) = 5*k**3 - 7*k**2 - 12*k + 3. What is the tens digit of s(m)?
9
Suppose 0 = 49*m - 52*m + 15. Suppose 3*p - m*p + 1190 = 0. What is the hundreds digit of p?
5
Let a(j) = j**3 + j**2 - 10*j + 8. Let k be ((-4)/(-3))/(6/(-18)). Let h be a(k). What is the tens digit of h + 6/9 - 1448/(-6)?
4
Let f(g) = -g**2 - 5*g + 24. Let a be f(-7). Let d(k) = k**3 - 8*k**2 - 10*k + 6. What is the tens digit of d(a)?
0
Let p(c) = 207*c**2 - 39*c + 3. What is the hundreds digit of p(-9)?
1
Let m(y) = -11*y**2 + 1289*y - 64. What is the tens digit of m(115)?
9
Let g = -146 - -151. Suppose 0 = -g*w - u + 4122, w - 3*w = -3*u - 1642. What is the units digit of w?
4
Let a(z) = -z**3 + 2*z. Let g be a(-2). Let l(q) be the second derivative of -q**5/20 + 3*q**4/4 - q**3 - 230*q. What is the tens digit of l(g)?
5
Suppose 0 = -5*l + 2*i - 1858, 3*i - 5*i = 5*l + 1842. What is the units digit of ((-2479)/l)/(1/10)?
7
Suppose 5*s + 699 = -d, 2*d + 555 = -4*s - 3*d. Let y = 202 - s. What is the hundreds digit of y?
3
Let d(l) = -39*l - 192. Let s(c) = 13*c + 64. Let o(p) = 4*d(p) + 11*s(p). What is the tens digit of o(-22)?
2
Suppose 2*o = -5*x - 19, 4*x = -13 - 7. Suppose 3065 = 2*t + o*c, -22*t + 18*t - 3*c + 6115 = 0. What is the hundreds digit of t?
5
Suppose 0 = -458*w + 463*w + 4*z - 37075, 29660 = 4*w + 4*z. What is the tens digit of w?
1
Suppose 7*h - 77 = -4*h. Let t(o) = 2*o**3 - 5*o**2 - 10*o - 21. Wh